{"id":7486,"date":"2021-05-26T10:54:51","date_gmt":"2021-05-26T10:54:51","guid":{"rendered":"https:\/\/diversidadaudiovisual.org\/nuevaweb\/?page_id=7486"},"modified":"2021-05-26T11:16:19","modified_gmt":"2021-05-26T11:16:19","slug":"politica-de-privacidad","status":"publish","type":"page","link":"https:\/\/diversidadaudiovisual.org\/nuevaweb\/politica-de-privacidad\/","title":{"rendered":"Pol\u00edtica de privacidad"},"content":{"rendered":"<p>[vc_row][vc_column css=&#8221;.vc_custom_1622026489247{margin-top: 100px !important;margin-bottom: 100px !important;}&#8221;]<div class=\"tm-element-heading-wrapper tm-heading-inner tm-element-align-center tm-seperator-after_before tm-heading-style-vertical  vc_custom_1622027729365\"><section class=\"tm-vc_cta3-container\"><div class=\"tm-vc_general tm-vc_cta3 tm-cta3-only tm-vc_cta3-style-classic tm-vc_cta3-shape-rounded tm-vc_cta3-align-center tm-vc_cta3-color-transparent tm-vc_cta3-icon-size-md tm-vc_cta3-actions-no vc_custom_1622027729365 tm-cta3-without-desc\"><div class=\"tm-vc_cta3_content-container\"><div class=\"tm-vc_cta3-content\"><header class=\"tm-vc_cta3-content-header tm-wrap\"><div class=\"tm-vc_cta3-headers tm-wrap-cell\"><h2 class=\"tm-custom-heading \" >Pol\u00edtica de privacidad<\/h2>\n<h4 class=\"tm-custom-heading \" >Diversidad Audiovisual<\/h4>\n<\/div><div class=\"heading-seperator\"><span><\/span><\/div><\/header><\/div><\/div><\/div><\/section><\/div> <!-- .tm-element-heading-wrapper container --> <style>.vc_custom_1622027729365{padding-bottom: 25px !important;}<\/style>[vc_column_text]<\/p>\n<div class=\"legales\">Introducci\u00f3n<br \/>\nUniversidad Carlos III de Madrid, con DNI Q2818029G, en adelante Universidad Carlos III , recopila, trata y almacena informaci\u00f3n personal a trav\u00e9s de la web de su propiedad https:\/\/diversidadaudiovisual.org.Esta informaci\u00f3n ser\u00e1 relativa a los usuarios de la web. La informaci\u00f3n se recopilar\u00e1, tratar\u00e1 y almacenar\u00e1 conforme a la presente Pol\u00edtica de Privacidad.<\/p>\n<p>Esta Pol\u00edtica de Privacidad ha sido actualizada el 2 de noviembre de 2018.<\/p>\n<p>Responsable legal<br \/>\nDenominaci\u00f3n comercial: Universidad Carlos III<\/p>\n<p>Nombre: Universidad Carlos III<\/p>\n<p>Identificador fiscal: Q2818029G<\/p>\n<p>Domicilio: Calle Madrid 126 28903 Getafe Madrid E-mail de contacto: diversidadaudiovisual@uc3m.es<\/p>\n<p>Leyes de aplicaci\u00f3n de esta web<br \/>\nRGPD (Reglamento (UE) 2016\/679 del Parlamento Europeo y del Consejo de 25 de mayo de 2018 relativo a la protecci\u00f3n de las personas f\u00edsicas).<br \/>\nLOPD (Ley Org\u00e1nica 15\/1999, de 13 de diciembre, de Protecci\u00f3n de Datos de Car\u00e1cter Personal y Real Decreto 1720\/2007, de 21 de diciembre, Reglamento de desarrollo de la LOPD).<br \/>\nLSSI (Ley 34\/2002, de 11 de julio, de Servicios de la Sociedad de la Informaci\u00f3n y Comercio Electr\u00f3nico)<br \/>\nDatos recopilados<br \/>\nPara que puedas navegar por este sitio no es necesario que me facilites ning\u00fan dato personal.<\/p>\n<p>\u00danicamente se recopilar\u00e1n los datos estrictamente necesarios para llevar a cabo la normal actividad del servicio, ajust\u00e1ndose siempre al principio de minimizaci\u00f3n de datos (Art. 5.b GDPR).<\/p>\n<p>Los datos que se recopilen pertenecer\u00e1n siempre a mayores de 16 a\u00f1os (Art. 8.1. GDPR). Universidad Carlos III se reserva el derecho a tomar las medidas oportunas para comprobar la veracidad de la edad (Art. 8.2 GDPR).<\/p>\n<p>En todos los casos, los datos recogidos ser\u00e1n de car\u00e1cter personal identificativos y no sensibles:<\/p>\n<p>Correo electr\u00f3nico.<br \/>\nNombre y Apellidos.<br \/>\nTel\u00e9fono.<br \/>\nC\u00f3digo postal.<br \/>\nObjetivo de la recopilaci\u00f3n y uso de datos<br \/>\nLa recopilaci\u00f3n y uso de los datos se realiza con el \u00fanico objetivo de enviar noticias de informaci\u00f3n relevante para los usuarios.<\/p>\n<p>La recopilaci\u00f3n de datos se realizar\u00e1 en los siguientes casos:<\/p>\n<p>Cuando me mandes un e-mail. Tus datos podr\u00e1n ser incorporados a un fichero de lista de correo, del cual soy responsable de su gesti\u00f3n y tratamiento. El fin de esta acci\u00f3n es proporcionar el mejor servicio posible, particularmente para mantener un registro de usuarios.<br \/>\nCuando te suscribas a mi bolet\u00edn de noticias. Tus datos ser\u00e1n incorporados a una lista de correo, recibir\u00e1s novedades de mi web, informaci\u00f3n de mis servicios y cualquier contenido relacionado con otros profesionales que pueda interesarte.<br \/>\nCuando rellenes un formulario en https:\/\/diversidadaudiovisual.org.<br \/>\nUniversidad Carlos III se compromete a no utilizar los datos obtenidos con una finalidad distinta a esta.<\/p>\n<p>M\u00e9todos de recopilaci\u00f3n<br \/>\nLos datos se recopilar\u00e1n a trav\u00e9s de la web de Universidad Carlos III , diversidadaudiovisual.org, cuando introduzcas informaci\u00f3n en alguno de los campos destinados a tal efecto en la web. Estos campos est\u00e1n debidamente se\u00f1alizados y no recopilar\u00e1n ning\u00fan dato hasta que no aceptes expresamente la cesi\u00f3n y gesti\u00f3n conforme a esa pol\u00edtica de privacidad.<\/p>\n<p>Destinatario de los datos<br \/>\nLos datos recopilados se incorporar\u00e1n a un fichero propiedad de: Universidad Carlos III .<\/p>\n<p>Este fichero ser\u00e1 gestionado por:<\/p>\n<p>Raiola Networks con domicilio en Avenida de Magoi n\u00ba66 Semis\u00f3tano Derecha 27002 Lugo Espa\u00f1a<\/p>\n<p>\u00bfC\u00f3mo protegemos sus datos?<\/p>\n<p>Sus datos se almacenan de forma segura ya que disponemos de:<\/p>\n<p>* Cifrado con protocolo SSL.<\/p>\n<p>Universidad Carlos III no puede garantizar la completa seguridad de las comunicaciones a trav\u00e9s de Internet, pero garantiza tomar las medidas adecuadas para proteger los datos.<\/p>\n<p>Adem\u00e1s, Universidad Carlos III se compromete a mantener la confidencialidad de los datos y no comunicar\u00e1 ni permitir\u00e1 el acceso a terceros no autorizados.<\/p>\n<p>Tus derechos en cuanto a protecci\u00f3n de datos<\/p>\n<p>La legislaci\u00f3n te reconoce unos derechos como usuario que ha cedido sus datos personales:<\/p>\n<p>Acceso a los datos personales.<br \/>\nRectificaci\u00f3n o supresi\u00f3n.<br \/>\nOposici\u00f3n a su tratamiento.<br \/>\nPortabilidad de los datos.<br \/>\nLimitaci\u00f3n de su tratamiento.<br \/>\nEl ejercicio de estos derechos es personal, por lo que solamente podr\u00e1s solicitarlos para los derechos de los que seas propietario.<\/p>\n<p>En el caso de querer ejercer estos derechos, puede hacerse a trav\u00e9s de correo electr\u00f3nico envi\u00e1ndolo a diversidadaudiovisual@uc3m.es indicando los derechos que se quieran ejercer y una prueba de identidad.<\/p>\n<p>Universidad Carlos III se compromete a responder a tu solicitud en un plazo m\u00e1ximo de 15 d\u00edas h\u00e1biles.<\/p>\n<p>Legitimaci\u00f3n para el tratamiento de datos<br \/>\nLa base legal para el tratamiento de tus datos personales es la aceptaci\u00f3n expl\u00edcita del tratamiento, gesti\u00f3n y almacenamiento de los mismos seg\u00fan la presente pol\u00edtica de privacidad.<\/p>\n<p>Consecuencias de no aceptar la pol\u00edtica de privacidad<br \/>\nEn el caso de que no aceptes la gesti\u00f3n de tus datos seg\u00fan la presente pol\u00edtica de privacidad, no se proceder\u00e1 a la recopilaci\u00f3n de los mismos, lo que puede suponer que no se pueda llevar a cabo el servicio prestado por Universidad Carlos III .<\/p>\n<p>Autoridad de protecci\u00f3n de datos en Espa\u00f1a<br \/>\nEn el caso de que quieras hacer valer tus derechos en cuanto a protecci\u00f3n de datos y consideras que no se est\u00e1n respetando, puedes dirigirte a la autoridad espa\u00f1ola responsable.<\/p>\n<p>Sitio web de la autoridad de protecci\u00f3n de datos: https:\/\/www.agpd.es\/<br \/>\nE-mail de la autoridad de protecci\u00f3n de datos: internacional@agpd.es<br \/>\nTel\u00e9fono de la autoridad de protecci\u00f3n de datos: +34 91399 6200<br \/>\nCambios en la pol\u00edtica de privacidad<br \/>\nUniversidad Carlos III se reserva el derecho a modificar la presente Pol\u00edtica de Privacidad. Estas modificaciones se har\u00e1n conforme a la legislaci\u00f3n y la jurisprudencia y quedar\u00e1n reflejadas en la presente Pol\u00edtica de Privacidad.<\/p>\n<\/div>\n<p>[\/vc_column_text][\/vc_column][\/vc_row]<\/p>\n","protected":false},"excerpt":{"rendered":"<p>[vc_row][vc_column css=&#8221;.vc_custom_1622026489247{margin-top: 100px !important;margin-bottom: 100px !important;}&#8221;][vc_column_text] Introducci\u00f3n Universidad Carlos III de Madrid, con DNI Q2818029G, en adelante Universidad Carlos III , recopila, trata y almacena informaci\u00f3n personal a trav\u00e9s de la web de su propiedad https:\/\/diversidadaudiovisual.org.Esta informaci\u00f3n ser\u00e1 relativa a los usuarios de la web. La informaci\u00f3n se recopilar\u00e1, tratar\u00e1 y almacenar\u00e1 conforme a la &hellip; <a href=\"https:\/\/diversidadaudiovisual.org\/nuevaweb\/politica-de-privacidad\/\" class=\"more-link\">Continue reading <span class=\"screen-reader-text\">Pol\u00edtica de privacidad<\/span><\/a><\/p>\n","protected":false},"author":1,"featured_media":0,"parent":0,"menu_order":0,"comment_status":"closed","ping_status":"closed","template":"","meta":{"footnotes":""},"class_list":["post-7486","page","type-page","status-publish","hentry"],"_links":{"self":[{"href":"https:\/\/diversidadaudiovisual.org\/nuevaweb\/wp-json\/wp\/v2\/pages\/7486","targetHints":{"allow":["GET"]}}],"collection":[{"href":"https:\/\/diversidadaudiovisual.org\/nuevaweb\/wp-json\/wp\/v2\/pages"}],"about":[{"href":"https:\/\/diversidadaudiovisual.org\/nuevaweb\/wp-json\/wp\/v2\/types\/page"}],"author":[{"embeddable":true,"href":"https:\/\/diversidadaudiovisual.org\/nuevaweb\/wp-json\/wp\/v2\/users\/1"}],"replies":[{"embeddable":true,"href":"https:\/\/diversidadaudiovisual.org\/nuevaweb\/wp-json\/wp\/v2\/comments?post=7486"}],"version-history":[{"count":3,"href":"https:\/\/diversidadaudiovisual.org\/nuevaweb\/wp-json\/wp\/v2\/pages\/7486\/revisions"}],"predecessor-version":[{"id":7510,"href":"https:\/\/diversidadaudiovisual.org\/nuevaweb\/wp-json\/wp\/v2\/pages\/7486\/revisions\/7510"}],"wp:attachment":[{"href":"https:\/\/diversidadaudiovisual.org\/nuevaweb\/wp-json\/wp\/v2\/media?parent=7486"}],"curies":[{"name":"wp","href":"https:\/\/api.w.org\/{rel}","templated":true}]}}

Política de privacidad

<p>[vc_row][vc_column css=&#8221;.vc_custom_1622026489247{margin-top: 100px !important;margin-bottom: 100px !important;}&#8221;]<div class="tm-element-heading-wrapper tm-heading-inner tm-element-align-center tm-seperator-after_before tm-heading-style-vertical  vc_custom_1622027729365"><section class="tm-vc_cta3-container"><div class="tm-vc_general tm-vc_cta3 tm-cta3-only tm-vc_cta3-style-classic tm-vc_cta3-shape-rounded tm-vc_cta3-align-center tm-vc_cta3-color-transparent tm-vc_cta3-icon-size-md tm-vc_cta3-actions-no vc_custom_1622027729365 tm-cta3-without-desc"><div class="tm-vc_cta3_content-container"><div class="tm-vc_cta3-content"><header class="tm-vc_cta3-content-header tm-wrap"><div class="tm-vc_cta3-headers tm-wrap-cell"><h2 class="tm-custom-heading " >Política de privacidad</h2>
<h4 class="tm-custom-heading " >Diversidad Audiovisual</h4>
</div><div class="heading-seperator"><span></span></div></header></div></div></div></section></div> <!-- .tm-element-heading-wrapper container --> <style>.vc_custom_1622027729365{padding-bottom: 25px !important;}</style>[vc_column_text]</p>
<div class="legales">Introducción<br />
Universidad Carlos III de Madrid, con DNI Q2818029G, en adelante Universidad Carlos III , recopila, trata y almacena información personal a través de la web de su propiedad https://diversidadaudiovisual.org.Esta información será relativa a los usuarios de la web. La información se recopilará, tratará y almacenará conforme a la presente Política de Privacidad.</p>
<p>Esta Política de Privacidad ha sido actualizada el 2 de noviembre de 2018.</p>
<p>Responsable legal<br />
Denominación comercial: Universidad Carlos III</p>
<p>Nombre: Universidad Carlos III</p>
<p>Identificador fiscal: Q2818029G</p>
<p>Domicilio: Calle Madrid 126 28903 Getafe Madrid E-mail de contacto: diversidadaudiovisual@uc3m.es</p>
<p>Leyes de aplicación de esta web<br />
RGPD (Reglamento (UE) 2016/679 del Parlamento Europeo y del Consejo de 25 de mayo de 2018 relativo a la protección de las personas físicas).<br />
LOPD (Ley Orgánica 15/1999, de 13 de diciembre, de Protección de Datos de Carácter Personal y Real Decreto 1720/2007, de 21 de diciembre, Reglamento de desarrollo de la LOPD).<br />
LSSI (Ley 34/2002, de 11 de julio, de Servicios de la Sociedad de la Información y Comercio Electrónico)<br />
Datos recopilados<br />
Para que puedas navegar por este sitio no es necesario que me facilites ningún dato personal.</p>
<p>Únicamente se recopilarán los datos estrictamente necesarios para llevar a cabo la normal actividad del servicio, ajustándose siempre al principio de minimización de datos (Art. 5.b GDPR).</p>
<p>Los datos que se recopilen pertenecerán siempre a mayores de 16 años (Art. 8.1. GDPR). Universidad Carlos III se reserva el derecho a tomar las medidas oportunas para comprobar la veracidad de la edad (Art. 8.2 GDPR).</p>
<p>En todos los casos, los datos recogidos serán de carácter personal identificativos y no sensibles:</p>
<p>Correo electrónico.<br />
Nombre y Apellidos.<br />
Teléfono.<br />
Código postal.<br />
Objetivo de la recopilación y uso de datos<br />
La recopilación y uso de los datos se realiza con el único objetivo de enviar noticias de información relevante para los usuarios.</p>
<p>La recopilación de datos se realizará en los siguientes casos:</p>
<p>Cuando me mandes un e-mail. Tus datos podrán ser incorporados a un fichero de lista de correo, del cual soy responsable de su gestión y tratamiento. El fin de esta acción es proporcionar el mejor servicio posible, particularmente para mantener un registro de usuarios.<br />
Cuando te suscribas a mi boletín de noticias. Tus datos serán incorporados a una lista de correo, recibirás novedades de mi web, información de mis servicios y cualquier contenido relacionado con otros profesionales que pueda interesarte.<br />
Cuando rellenes un formulario en https://diversidadaudiovisual.org.<br />
Universidad Carlos III se compromete a no utilizar los datos obtenidos con una finalidad distinta a esta.</p>
<p>Métodos de recopilación<br />
Los datos se recopilarán a través de la web de Universidad Carlos III , diversidadaudiovisual.org, cuando introduzcas información en alguno de los campos destinados a tal efecto en la web. Estos campos están debidamente señalizados y no recopilarán ningún dato hasta que no aceptes expresamente la cesión y gestión conforme a esa política de privacidad.</p>
<p>Destinatario de los datos<br />
Los datos recopilados se incorporarán a un fichero propiedad de: Universidad Carlos III .</p>
<p>Este fichero será gestionado por:</p>
<p>Raiola Networks con domicilio en Avenida de Magoi nº66 Semisótano Derecha 27002 Lugo España</p>
<p>¿Cómo protegemos sus datos?</p>
<p>Sus datos se almacenan de forma segura ya que disponemos de:</p>
<p>* Cifrado con protocolo SSL.</p>
<p>Universidad Carlos III no puede garantizar la completa seguridad de las comunicaciones a través de Internet, pero garantiza tomar las medidas adecuadas para proteger los datos.</p>
<p>Además, Universidad Carlos III se compromete a mantener la confidencialidad de los datos y no comunicará ni permitirá el acceso a terceros no autorizados.</p>
<p>Tus derechos en cuanto a protección de datos</p>
<p>La legislación te reconoce unos derechos como usuario que ha cedido sus datos personales:</p>
<p>Acceso a los datos personales.<br />
Rectificación o supresión.<br />
Oposición a su tratamiento.<br />
Portabilidad de los datos.<br />
Limitación de su tratamiento.<br />
El ejercicio de estos derechos es personal, por lo que solamente podrás solicitarlos para los derechos de los que seas propietario.</p>
<p>En el caso de querer ejercer estos derechos, puede hacerse a través de correo electrónico enviándolo a diversidadaudiovisual@uc3m.es indicando los derechos que se quieran ejercer y una prueba de identidad.</p>
<p>Universidad Carlos III se compromete a responder a tu solicitud en un plazo máximo de 15 días hábiles.</p>
<p>Legitimación para el tratamiento de datos<br />
La base legal para el tratamiento de tus datos personales es la aceptación explícita del tratamiento, gestión y almacenamiento de los mismos según la presente política de privacidad.</p>
<p>Consecuencias de no aceptar la política de privacidad<br />
En el caso de que no aceptes la gestión de tus datos según la presente política de privacidad, no se procederá a la recopilación de los mismos, lo que puede suponer que no se pueda llevar a cabo el servicio prestado por Universidad Carlos III .</p>
<p>Autoridad de protección de datos en España<br />
En el caso de que quieras hacer valer tus derechos en cuanto a protección de datos y consideras que no se están respetando, puedes dirigirte a la autoridad española responsable.</p>
<p>Sitio web de la autoridad de protección de datos: https://www.agpd.es/<br />
E-mail de la autoridad de protección de datos: internacional@agpd.es<br />
Teléfono de la autoridad de protección de datos: +34 91399 6200<br />
Cambios en la política de privacidad<br />
Universidad Carlos III se reserva el derecho a modificar la presente Política de Privacidad. Estas modificaciones se harán conforme a la legislación y la jurisprudencia y quedarán reflejadas en la presente Política de Privacidad.</p>
</div>
<p>[/vc_column_text][/vc_column][/vc_row]</p>

<p>[vc_row][vc_column css=&#8221;.vc_custom_1622026489247{margin-top: 100px !important;margin-bottom: 100px !important;}&#8221;][vc_column_text] Introducción Universidad Carlos III de Madrid, con DNI Q2818029G, en adelante Universidad Carlos III , recopila, trata y almacena información personal a través de la web de su propiedad https://diversidadaudiovisual.org.Esta información será relativa a los usuarios de la web. La información se recopilará, tratará y almacenará conforme a la &hellip; <a href="https://diversidadaudiovisual.org/nuevaweb/politica-de-privacidad/" class="more-link">Continue reading <span class="screen-reader-text">Política de privacidad</span></a></p>
