{"id":7920,"date":"2022-12-15T08:35:46","date_gmt":"2022-12-15T08:35:46","guid":{"rendered":"https:\/\/diversidadaudiovisual.org\/nuevaweb\/?page_id=7920"},"modified":"2023-02-09T12:32:34","modified_gmt":"2023-02-09T12:32:34","slug":"grado","status":"publish","type":"page","link":"https:\/\/diversidadaudiovisual.org\/nuevaweb\/docencia\/grado\/","title":{"rendered":"Grado"},"content":{"rendered":"<p>[vc_row][vc_column css=&#8221;.vc_custom_1621445442396{padding-top: 50px !important;padding-bottom: 50px !important;}&#8221;][vc_single_image image=&#8221;6678&#8243; img_size=&#8221;64&#215;64&#8243; alignment=&#8221;center&#8221;]<div class=\"tm-element-heading-wrapper tm-heading-inner tm-element-align-center tm-seperator-after_before tm-heading-style-vertical \"><section class=\"tm-vc_cta3-container\"><div class=\"tm-vc_general tm-vc_cta3 tm-cta3-only tm-vc_cta3-style-classic tm-vc_cta3-shape-rounded tm-vc_cta3-align-center tm-vc_cta3-color-transparent tm-vc_cta3-icon-size-md tm-vc_cta3-actions-no tm-cta3-without-desc\"><div class=\"tm-vc_cta3_content-container\"><div class=\"tm-vc_cta3-content\"><header class=\"tm-vc_cta3-content-header tm-wrap\"><div class=\"tm-vc_cta3-headers tm-wrap-cell\"><h2 class=\"tm-custom-heading \" >Grado<\/h2>\n<\/div><div class=\"heading-seperator\"><span><\/span><\/div><\/header><\/div><\/div><\/div><\/section><\/div> <!-- .tm-element-heading-wrapper container --> [vc_column_text]Los miembros del grupo de investigaci\u00f3n Diversidad Audiovisual (DA) imparten docencia en los grados de Comunicaci\u00f3n Audiovisual y Periodismo, as\u00ed como en el doble grado, de la Universidad Carlos III de Madrid.<\/p>\n<p>Por una parte, destaca la docencia asociada a estructura de la comunicaci\u00f3n e industrias culturales. El profesor Dr. Luis Albornoz, director del grupo DA, es coordinador de la asignatura Estructura del Sistema Audiovisual \/ Media Landscape, impartida en el Grado en Comunicaci\u00f3n Audiovisual y en el Doble Grado en Periodismo y Comunicaci\u00f3n Audiovisual. Asimismo, el profesor Dr. Josep Pedro imparte esta asignatura en ingl\u00e9s, Media Landscape (Estructura del Sistema Audiovisual), en el Grado en Comunicaci\u00f3n Audiovisual. El profesor Albornoz tambi\u00e9n es coordinador de la asignatura Industrias Culturales y de la Comunicaci\u00f3n, del Grado en Comunicaci\u00f3n Audiovisual. En ella imparte docencia el profesor predoctoral Pedro Gallo Buenaga.<\/p>\n<p>Una segunda \u00e1rea de docencia est\u00e1 relacionada con la comunicaci\u00f3n radiof\u00f3nica. La profesora Dra. M\u00aa Trinidad Garc\u00eda Leiva es coordinadora y profesora de Taller de Radio, del Grado en Comunicaci\u00f3n Audiovisual y el Doble Grado en Periodismo y Comunicaci\u00f3n Audiovisual. Asimismo, el profesor Dr. Juan Ignacio Gallego es profesor de Taller de Radio en Doble Grado de Periodismo y Comunicaci\u00f3n Audiovisual. El profesor Gallego es tambi\u00e9n coordinador de la asignatura Formatos Radiof\u00f3nicos, del Grado en Comunicaci\u00f3n Audiovisual, e imparte T\u00e9cnicas de Locuci\u00f3n en el Grado en Periodismo. Igualmente, es coordinador de Nuevas Tendencias de la Comunicaci\u00f3n Audiovisual, del Grado en Comunicaci\u00f3n Audiovisual.<\/p>\n<p>El estudio de la historia del cine y de la imagen audiovisual constituyen una tercera \u00e1rea de conocimiento vinculada a la actividad docente del grupo. El profesor Dr. Asier Aranzubia es coordinador y profesor de An\u00e1lisis de la Imagen Audiovisual, impartida en el Grado en Comunicaci\u00f3n Audiovisual y el Doble Grado en Periodismo y Comunicaci\u00f3n Audiovisual. Asimismo, el profesor Aranzubia es coordinador de Cine Norteamericano en el Grado en Comunicaci\u00f3n Audiovisual.<\/p>\n<p>Tambi\u00e9n destaca la docencia relativa al aprendizaje y la reflexi\u00f3n metodol\u00f3gica. El profesor Dr. Josep Pedro imparte la asignatura Research Methodologies for Journalism (Metodolog\u00edas de Investigaci\u00f3n en Periodismo) en el Doble Grado en Periodismo y Comunicaci\u00f3n Audiovisual (docencia en ingl\u00e9s). Asimismo, en el \u00e1mbito del audiovisual y las nuevas tecnolog\u00edas, es coordinador de la asignatura Comunicaci\u00f3n Audiovisual y Cultura Digital (curso 2022-2023), correspondiente al Grado en Comunicaci\u00f3n Audiovisual.<\/p>\n<p>La profesora predoctoral Marylin Luis Grillo imparte Psicolog\u00eda de los Medios Audiovisuales en el Grado en Comunicaci\u00f3n Audiovisual. Por su parte, la profesora Dr. Bego\u00f1a Herrero es coordinadora de pr\u00e1cticas externas en el Grado de Comunicaci\u00f3n Audiovisual y el Doble Grado en Periodismo y Comunicaci\u00f3n Audiovisual, as\u00ed como tutora de Trabajos de Fin de Grado.[\/vc_column_text][\/vc_column][\/vc_row]<\/p>\n","protected":false},"excerpt":{"rendered":"<p>[vc_row][vc_column css=&#8221;.vc_custom_1621445442396{padding-top: 50px !important;padding-bottom: 50px !important;}&#8221;][vc_single_image image=&#8221;6678&#8243; img_size=&#8221;64&#215;64&#8243; alignment=&#8221;center&#8221;][vc_column_text]Los miembros del grupo de investigaci\u00f3n Diversidad Audiovisual (DA) imparten docencia en los grados de Comunicaci\u00f3n Audiovisual y Periodismo, as\u00ed como en el doble grado, de la Universidad Carlos III de Madrid. Por una parte, destaca la docencia asociada a estructura de la comunicaci\u00f3n e industrias culturales. &hellip; <a href=\"https:\/\/diversidadaudiovisual.org\/nuevaweb\/docencia\/grado\/\" class=\"more-link\">Continue reading <span class=\"screen-reader-text\">Grado<\/span><\/a><\/p>\n","protected":false},"author":1,"featured_media":0,"parent":7916,"menu_order":0,"comment_status":"closed","ping_status":"closed","template":"","meta":{"footnotes":""},"class_list":["post-7920","page","type-page","status-publish","hentry"],"_links":{"self":[{"href":"https:\/\/diversidadaudiovisual.org\/nuevaweb\/wp-json\/wp\/v2\/pages\/7920","targetHints":{"allow":["GET"]}}],"collection":[{"href":"https:\/\/diversidadaudiovisual.org\/nuevaweb\/wp-json\/wp\/v2\/pages"}],"about":[{"href":"https:\/\/diversidadaudiovisual.org\/nuevaweb\/wp-json\/wp\/v2\/types\/page"}],"author":[{"embeddable":true,"href":"https:\/\/diversidadaudiovisual.org\/nuevaweb\/wp-json\/wp\/v2\/users\/1"}],"replies":[{"embeddable":true,"href":"https:\/\/diversidadaudiovisual.org\/nuevaweb\/wp-json\/wp\/v2\/comments?post=7920"}],"version-history":[{"count":1,"href":"https:\/\/diversidadaudiovisual.org\/nuevaweb\/wp-json\/wp\/v2\/pages\/7920\/revisions"}],"predecessor-version":[{"id":7921,"href":"https:\/\/diversidadaudiovisual.org\/nuevaweb\/wp-json\/wp\/v2\/pages\/7920\/revisions\/7921"}],"up":[{"embeddable":true,"href":"https:\/\/diversidadaudiovisual.org\/nuevaweb\/wp-json\/wp\/v2\/pages\/7916"}],"wp:attachment":[{"href":"https:\/\/diversidadaudiovisual.org\/nuevaweb\/wp-json\/wp\/v2\/media?parent=7920"}],"curies":[{"name":"wp","href":"https:\/\/api.w.org\/{rel}","templated":true}]}}

<p>[vc_row][vc_column css=&#8221;.vc_custom_1621445442396{padding-top: 50px !important;padding-bottom: 50px !important;}&#8221;][vc_single_image image=&#8221;6678&#8243; img_size=&#8221;64&#215;64&#8243; alignment=&#8221;center&#8221;]<div class="tm-element-heading-wrapper tm-heading-inner tm-element-align-center tm-seperator-after_before tm-heading-style-vertical "><section class="tm-vc_cta3-container"><div class="tm-vc_general tm-vc_cta3 tm-cta3-only tm-vc_cta3-style-classic tm-vc_cta3-shape-rounded tm-vc_cta3-align-center tm-vc_cta3-color-transparent tm-vc_cta3-icon-size-md tm-vc_cta3-actions-no tm-cta3-without-desc"><div class="tm-vc_cta3_content-container"><div class="tm-vc_cta3-content"><header class="tm-vc_cta3-content-header tm-wrap"><div class="tm-vc_cta3-headers tm-wrap-cell"><h2 class="tm-custom-heading " >Grado</h2>
</div><div class="heading-seperator"><span></span></div></header></div></div></div></section></div> <!-- .tm-element-heading-wrapper container --> [vc_column_text]Los miembros del grupo de investigación Diversidad Audiovisual (DA) imparten docencia en los grados de Comunicación Audiovisual y Periodismo, así como en el doble grado, de la Universidad Carlos III de Madrid.</p>
<p>Por una parte, destaca la docencia asociada a estructura de la comunicación e industrias culturales. El profesor Dr. Luis Albornoz, director del grupo DA, es coordinador de la asignatura Estructura del Sistema Audiovisual / Media Landscape, impartida en el Grado en Comunicación Audiovisual y en el Doble Grado en Periodismo y Comunicación Audiovisual. Asimismo, el profesor Dr. Josep Pedro imparte esta asignatura en inglés, Media Landscape (Estructura del Sistema Audiovisual), en el Grado en Comunicación Audiovisual. El profesor Albornoz también es coordinador de la asignatura Industrias Culturales y de la Comunicación, del Grado en Comunicación Audiovisual. En ella imparte docencia el profesor predoctoral Pedro Gallo Buenaga.</p>
<p>Una segunda área de docencia está relacionada con la comunicación radiofónica. La profesora Dra. Mª Trinidad García Leiva es coordinadora y profesora de Taller de Radio, del Grado en Comunicación Audiovisual y el Doble Grado en Periodismo y Comunicación Audiovisual. Asimismo, el profesor Dr. Juan Ignacio Gallego es profesor de Taller de Radio en Doble Grado de Periodismo y Comunicación Audiovisual. El profesor Gallego es también coordinador de la asignatura Formatos Radiofónicos, del Grado en Comunicación Audiovisual, e imparte Técnicas de Locución en el Grado en Periodismo. Igualmente, es coordinador de Nuevas Tendencias de la Comunicación Audiovisual, del Grado en Comunicación Audiovisual.</p>
<p>El estudio de la historia del cine y de la imagen audiovisual constituyen una tercera área de conocimiento vinculada a la actividad docente del grupo. El profesor Dr. Asier Aranzubia es coordinador y profesor de Análisis de la Imagen Audiovisual, impartida en el Grado en Comunicación Audiovisual y el Doble Grado en Periodismo y Comunicación Audiovisual. Asimismo, el profesor Aranzubia es coordinador de Cine Norteamericano en el Grado en Comunicación Audiovisual.</p>
<p>También destaca la docencia relativa al aprendizaje y la reflexión metodológica. El profesor Dr. Josep Pedro imparte la asignatura Research Methodologies for Journalism (Metodologías de Investigación en Periodismo) en el Doble Grado en Periodismo y Comunicación Audiovisual (docencia en inglés). Asimismo, en el ámbito del audiovisual y las nuevas tecnologías, es coordinador de la asignatura Comunicación Audiovisual y Cultura Digital (curso 2022-2023), correspondiente al Grado en Comunicación Audiovisual.</p>
<p>La profesora predoctoral Marylin Luis Grillo imparte Psicología de los Medios Audiovisuales en el Grado en Comunicación Audiovisual. Por su parte, la profesora Dr. Begoña Herrero es coordinadora de prácticas externas en el Grado de Comunicación Audiovisual y el Doble Grado en Periodismo y Comunicación Audiovisual, así como tutora de Trabajos de Fin de Grado.[/vc_column_text][/vc_column][/vc_row]</p>

<p>[vc_row][vc_column css=&#8221;.vc_custom_1621445442396{padding-top: 50px !important;padding-bottom: 50px !important;}&#8221;][vc_single_image image=&#8221;6678&#8243; img_size=&#8221;64&#215;64&#8243; alignment=&#8221;center&#8221;][vc_column_text]Los miembros del grupo de investigación Diversidad Audiovisual (DA) imparten docencia en los grados de Comunicación Audiovisual y Periodismo, así como en el doble grado, de la Universidad Carlos III de Madrid. Por una parte, destaca la docencia asociada a estructura de la comunicación e industrias culturales. &hellip; <a href="https://diversidadaudiovisual.org/nuevaweb/docencia/grado/" class="more-link">Continue reading <span class="screen-reader-text">Grado</span></a></p>
